digit of 2527256?
5
What is the hundreds digit of 109930?
9
What is the tens digit of 3590711?
1
What is the hundred thousands digit of 3244052?
2
What is the units digit of 6147114?
4
What is the hundreds digit of 111497?
4
What is the units digit of 400395?
5
What is the units digit of 168698?
8
What is the hundred thousands digit of 649047?
6
What is the thousands digit of 215879?
5
What is the thousands digit of 4296471?
6
What is the ten thousands digit of 31934?
3
What is the millions digit of 3280606?
3
What is the hundred thousands digit of 11412367?
4
What is the tens digit of 352913?
1
What is the units digit of 167615?
5
What is the units digit of 102844?
4
What is the hundred thousands digit of 399484?
3
What is the hundreds digit of 1688713?
7
What is the tens digit of 1852174?
7
What is the hundreds digit of 399694?
6
What is the hundreds digit of 780449?
4
What is the millions digit of 5873206?
5
What is the units digit of 9286496?
6
What is the units digit of 2347620?
0
What is the hundreds digit of 8665940?
9
What is the hundreds digit of 924478?
4
What is the millions digit of 2189421?
2
What is the ten thousands digit of 290006?
9
What is the tens digit of 239845?
4
What is the millions digit of 3662557?
3
What is the tens digit of 931386?
8
What is the units digit of 10879086?
6
What is the units digit of 1167426?
6
What is the thousands digit of 1322547?
2
What is the units digit of 99037?
7
What is the units digit of 2021986?
6
What is the ten thousands digit of 14702720?
0
What is the millions digit of 5461479?
5
What is the millions digit of 1220411?
1
What is the hundreds digit of 207011?
0
What is the hundreds digit of 673647?
6
What is the millions digit of 15368469?
5
What is the thousands digit of 186574?
6
What is the hundreds digit of 808909?
9
What is the tens digit of 11151536?
3
What is the ten thousands digit of 116550?
1
What is the ten thousands digit of 218957?
1
What is the tens digit of 6345027?
2
What is the tens digit of 1311743?
4
What is the ten thousands digit of 46697?
4
What is the thousands digit of 232331?
2
What is the hundred thousands digit of 7274909?
2
What is the hundreds digit of 20399002?
0
What is the millions digit of 14412593?
4
What is the ten thousands digit of 795706?
9
What is the hundred thousands digit of 749855?
7
What is the thousands digit of 4615612?
5
What is the tens digit of 12822562?
6
What is the units digit of 634005?
5
What is the hundreds digit of 276094?
0
What is the hundred thousands digit of 144386?
1
What is the units digit of 1005691?
1
What is the hundred thousands digit of 1626328?
6
What is the units digit of 4505264?
4
What is the thousands digit of 1309779?
9
What is the thousands digit of 3339570?
9
What is the hundred thousands digit of 8728709?
7
What is the tens digit of 3068278?
7
What is the units digit of 1615771?
1
What is the tens digit of 8808916?
1
What is the units digit of 137249?
9
What is the ten thousands digit of 728729?
2
What is the hundreds digit of 502679?
6
What is the ten thousands digit of 1167653?
6
What is the units digit of 13985708?
8
What is the ten thousands digit of 384376?
8
What is the ten thousands digit of 541034?
4
What is the thousands digit of 278936?
8
What is the hundred thousands digit of 266707?
2
What is the tens digit of 198055?
5
What is the units digit of 5731149?
9
What is the hundred thousands digit of 525359?
5
What is the hundreds digit of 31727678?
6
What is the thousands digit of 258879?
8
What is the thousands digit of 100563?
0
What is the hundred thousands digit of 1107282?
1
What is the thousands digit of 1249411?
9
What is the millions digit of 1931220?
1
What is the thousands digit of 202534?
2
What is the ten thousands digit of 11786753?
8
What is the ten thousands digit of 662986?
6
What is the hundreds digit of 11220976?
9
What is the tens digit of 111401?
0
What is the hundreds digit of 1446531?
5
What is the hundreds digit of 329392?
3
What is the hundred thousands digit of 314386?
3
What is the tens digit of 644114?
1
What is the hundreds digit of 3838943?
9
What is the tens digit of 6915210?
1
What is the units digit of 75099?
9
What is the units digit of 729505?
5
What is the tens digit of 2497366?
6
What is the tens digit of 1449355?
5
What is the thousands digit of 13483?
3
What is the units digit of 6285113?
3
What is the ten thousands digit of 318161?
1
What is the ten thousands digit of 183633?
8
What is the thousands digit of 635791?
5
What is the hundreds digit of 36448?
4
What is the tens digit of 1243971?
7
What is the tens digit of 299940?
4
What is the tens digit of 348379?
7
What is the units digit of 169186?
6
What is the ten thousands digit of 2327442?
2
What is the units digit of 16242280?
0
What is the tens digit of 262441?
4
What is the units digit of 427362?
2
What is the tens digit of 607901?
0
What is the thousands digit of 7244668?
4
What is the millions digit of 5127449?
5
What is the units digit of 877644?
4
What is the units digit of 210278?
8
What is the hundreds digit of 3443851?
8
What is the hundred thousands digit of 481630?
4
What is the tens digit of 492941?
4
What is the tens digit of 50630?
3
What is the hundreds digit of 669383?
3
What is the units digit of 67226?
6
What is the tens digit of 3818151?
5
What is the ten thousands digit of 549037?
4
What is the units digit of 7493098?
8
What is the tens digit of 2381646?
4
What is the hundreds digit of 5406998?
9
What is the tens digit of 12866690?
9
What is the millions digit of 4740947?
4
What is the units digit of 4360379?
9
What is the tens digit of 309369?
6
What is the hundreds digit of 4405832?
8
What is the hundreds digit of 2305857?
8
What is the tens digit of 5177565?
6
What is the units digit of 313159?
9
What is the hundred thousands digit of 141548?
1
What is the thousands digit of 5216706?
6
What is the ten thousands digit of 266036?
6
What is the ten thousands digit of 36573009?
7
What is the tens digit of 2489882?
8
What is the units digit of 172601?
1
What is the hundred thousands digit of 430424?
4
What is the hundred thousands digit of 345059?
3
What is the thousands digit of 309785?
9
What is the thousands digit of 187926?
7
What is the hundreds digit of 5194049?
0
What is the ten thousands digit of 53840?
5
What is the thousands digit of 1431620?
1
What is the ten thousands digit of 10411997?
1
What is the units digit of 350583?
3
What is the hundred thousands digit of 3814054?
8
What is the millions digit of 2902109?
2
What is the ten thousands digit of 4106817?
0
What is the tens digit of 32796?
9
What is the ten thousands digit of 1256363?
5
What is the hundreds digit of 78126?
1
What is the units digit of 560425?
5
What is the hundreds digit of 1090212?
2
What is the units digit of 856947?
7
What is the millions digit of 2499556?
2
What is the thousands digit of 924912?
4
What is the units digit of 31957591?
1
What is the hundred thousands digit of 1151129?
1
What is the tens digit of 222469?
6
What is the tens digit of 921102?
0
What is the hundreds digit of 286625?
6
What is the hundred thousands digit of 1467250?
4
What is the tens digit of 19856?
5
What is the hundred thousands digit of 8878432?
8
What is the thousands digit of 228041?
8
What is the ten thousands digit of 547860?
4
What is the tens digit of 27604429?
2
What is the thousands digit of 5813776?
3
What is the thousands digit of 316062?
6
What is the millions digit of 1764605?
1
What is the hundred thousands digit of 248227?
2
What is the hundred thousands digit of 2459348?
4
What is the hundred thousands digit of 9010142?
0
What is the millions digit of 2421982?
2
What is the hundreds digit of 169739?
7
What is the tens digit of 1030710?
1
What is the hundreds digit of 550011?
0
What is the ten thousands digit of 2665721?
6
What is the units digit of 5470836?
6
What is the tens digit of 4972214?
1
What is the thousands digit of 3439656?
9
What is the hundreds digit of 97966?
9
What is the hundreds digit of 483977?
9
What is the ten millions digit of 16602565?
1
What is the ten thousands digit of 293718?
9
What is the ten thousands digit of 8178146?
7
What is the hundred thousands digit of 532002?
5
What is the ten 